8. Let m(z) = 5*a(z) + n(z). Determine m(-8).
5
Let k(h) = -9*h + 2*h - 3 + 3 - 4*h. Let l(d) = d - 1. Let g be l(-3). Let a be (-2)/(-8) - (-5)/g. Determine k(a).
11
Let i(h) = h - 16. Suppose 5*o + z + 3*z + 7 = 0, 0 = -o - 5*z + 7. Let a be (-1*2)/(o + 2). Let m(n) = 3. Let c(q) = a*i(q) + 11*m(q). Calculate c(1).
3
Let b be ((-4)/(-6))/((-5)/((-90)/(-4))). Let q(y) = 4*y**2 + 5*y + 6. Give q(b).
27
Let m(q) be the second derivative of -q**5/20 - q**3/3 - q**2 - q. Let n(u) = -4*u**3 + 60*u**2 - u + 13. Let p be n(15). Determine m(p).
10
Let q(l) = 2 + 62*l + 342*l**3 - 67*l - 341*l**3. Let v be 2/1 + 5/5. Give q(v).
14
Let m(q) = 2*q**3 + 2*q**2 + 2*q - 1. Let n(j) = -j**2 - 15*j - 42. Let y be n(-4). Determine m(y).
27
Let q(z) = 3*z + 6. Let y = 832 + -825. Determine q(y).
27
Let i(q) = 9*q + 2*q**2 + 9*q + 12*q**2 - 13*q**2 - 4*q + 15. Calculate i(-14).
15
Let q(y) = -13*y + 5. Let g(f) = 2*f - 1. Let i(c) = 6*g(c) + q(c). Calculate i(3).
-4
Let o be 3*3 - (17 - 13). Let t(r) = -r - o - r - 2. What is t(5)?
-17
Suppose 2*s = -0*s - 8, -5*s = o + 18. Let j(h) = -o + 2*h - 2*h - 3*h - h**3 - h + 6*h**2. Let z be 15/(-6)*1*-2. Determine j(z).
3
Let o(j) = j**3 - 9*j**2 + 10*j - 8. Suppose -4 - 16 = -2*y + 4*l, 4*l + 4 = 0. Determine o(y).
8
Let o(l) be the third derivative of l**5/60 + l**4/8 + l**3/6 - 21*l**2. Suppose 4*r = -5*w + 12, 5*w = -4*r + 9*w - 24. Determine o(r).
-1
Let a(u) = -8 + 3 - u + 3. Let o be a(-3). Let y(v) = 0 + 44*v**2 - 25*v**2 + 1 - 16*v**2 - v. What is y(o)?
3
Let y be (-6)/24 + 75/12. Let b(w) be the first derivative of -1/2*w**2 + 12*w - 5. Determine b(y).
6
Let g(o) = -4 - o + 1 + 3. Let f(m) = -2*m + 2*m - 5*m + 2. Let j(c) = -f(c) + 4*g(c). Determine j(-3).
-5
Let t(q) = -408*q**2. Let p(s) = 17*s**2. Let x(u) = -119*p(u) - 5*t(u). What is x(1)?
17
Let n be 2/((-3)/2*(-8)/(-24)). Let t(x) = -x**3 - 3*x**2 - 11. Calculate t(n).
5
Let l(f) = -3*f + 4. Let g be (-4)/(-6)*(3 + 0). Let d be (20/25)/(g/10). Let s(p) = 49*p - 63. Let m(j) = d*s(j) + 63*l(j). What is m(1)?
7
Let g be 6*20/(-18)*-3. Suppose 3*o = -o + g. Let u(j) = -4*j**3 + 3*j**2 - 6*j - 7. Let x(t) = -t**3 - t**2 - t. Let r(z) = -u(z) + 3*x(z). Give r(o).
-3
Let x(m) = 3*m**2 + 28*m + 66. Let j be x(-3). Let q(o) = -o**2 + 10*o - 13. Give q(j).
-4
Let o(p) be the third derivative of -1/120*p**6 + 0 + 5/2*p**3 + 0*p**5 - 1/24*p**4 - 6*p**2 + 0*p. Determine o(0).
15
Let f(l) be the first derivative of -l**3/3 + 3*l**2/2 - 2663. Let z = 5 - 2. Suppose -z*r = 1 - 10. Give f(r).
0
Let u(j) = -2*j**3 - 2*j**2 + j - 2. Let x = -26 + 33. Suppose -8 = x*f - 11*f. Give u(f).
-24
Let f be (1 - -2)*(-56)/(-42). Let x be 8/6*(-6)/f. Let n(u) = -3*u - 2. What is n(x)?
4
Let o(d) = 2*d**2 - 2. Let q be 12/(-16) + (-1)/4. Let y = q - -5. Suppose 0 = n + y*n + 10. Calculate o(n).
6
Suppose -3*q + 5*v = 33, 1 = -2*v + 7. Let t(h) = -h**3 - 7*h**2 - 4*h + 13. Let k be t(q). Let i(g) = -20*g**2. Give i(k).
-20
Let z(a) = a - 18. Let w(y) = 6*y**3 - 4*y**2 - 18*y + 16. Let l(v) = -5*v**3 + 5*v**2 + 19*v - 15. Let p(m) = 5*l(m) + 4*w(m). Let b be p(11). Give z(b).
-18
Let o(n) = -2*n - 21. Let t(v) = 6*v + 63. Let r(s) = -17*o(s) - 6*t(s). Determine r(-9).
-3
Let z(f) = f**2 - 3*f - 10. Let u be z(5). Let q(b) be the third derivative of 3*b**2 - 1/6*b**4 + 0*b + u + 1/6*b**3. Determine q(-1).
5
Let l(v) = -2*v + 1. Let s(r) = 13*r - 8. Let j(o) = -10*l(o) - 2*s(o). Give j(2).
-6
Let l = 12 + 4. Suppose -l = 5*r + 4, -4*v + 5*r + 72 = 0. Let x be (-26)/39 + v/(-3). Let j(m) = m**3 + 4*m**2 - 5*m - 2. Give j(x).
-2
Let r(i) = -i**2 - 4*i + 3. Let w = -808 + 804. Give r(w).
3
Let l = -44 + 25. Let b = l + 21. Suppose -3*f + f - j = -13, -3*f = b*j - 19. Let a(i) = -i**3 + 7*i**2 - 2*i + 10. Determine a(f).
-4
Let q(i) = -13*i + i**3 + 23*i + 3*i**2 - 12*i - 3. Determine q(-3).
3
Let c(a) = -a**2 - 14*a - 7. Suppose 46*j = 53*j + 77. Determine c(j).
26
Let h(a) be the second derivative of -a**4/12 + 4*a**3/3 + 6*a + 3. What is h(7)?
7
Let g(v) = v**3 - 15*v**2 + 14*v + 1. Let b(q) = q**3 + 7*q**2 - 2*q. Let c be b(-7). Give g(c).
1
Let w(l) = -3*l**2 + 2*l. Let z(a) = -3*a - 1. Let o = -2 - -2. Let g be z(o). Let u be ((-4)/(-2) + g)*-2. Give w(u).
-16
Let b(w) = 3*w**2 - w. Let y be b(1). Suppose -6*p = -5*p + y. Let q(a) = 2*a**2 - 2*a - 3. Determine q(p).
9
Suppose -10*k = -3*k - 49. Let s(p) = -p**2 + 9*p + 7. Give s(k).
21
Let k(z) be the third derivative of z**6/120 - z**5/20 - z**4/4 - 7*z**3/6 + 9*z**2. Let s = -251 - -256. Calculate k(s).
13
Let b(q) = 2*q - 2. Let c be b(4). Let n(j) = 2*j**2 - 15*j + 13. Let u be n(c). Let p(w) = -w - 4. Determine p(u).
1
Let y(l) be the third derivative of -5*l**4/24 + 9*l**3 + 207*l**2. Give y(10).
4
Let c be 2/2*-1 - (2 + -1). Let p(g) = -g**3 + g**2 + 2*g. Let q(s) = 3*s**3 - s**2 - 3*s + 1. Let a(x) = 5*p(x) + 2*q(x). Calculate a(c).
-2
Let v be (-1 + 1)/(-3) - -5. Let i(a) = -47*a**2 + 5 - 1 + v*a + 46*a**2. What is i(6)?
-2
Let t(i) = i**3 - i**2 + i + 1. Let r be t(3). Let z(m) = -r + m + 22. What is z(6)?
6
Let q(n) be the second derivative of -3*n**3/2 - 2*n**2 + 7*n. Let z(p) = 5*p + 2. Let j(w) = -3*q(w) - 5*z(w). What is j(-3)?
-4
Let h(q) be the second derivative of 0 + 1/6*q**3 + 0*q**2 - 1/20*q**5 - 1/6*q**4 + 3*q. Let c = 80 - 83. Give h(c).
6
Suppose 4*t = -3*t + 35. Let p(b) = -t*b - 4*b - 2*b**2 + 3*b**2 + 3 + 4*b. Calculate p(2).
-3
Suppose -4*s = 2*p - 26 + 10, -3*p + 18 = 3*s. Let f(o) = 0*o - s + 3*o**3 + o**3 - 3*o**2 - 3*o - 3*o**3. Let n be 0 + 21/7 + (2 - 1). Calculate f(n).
2
Suppose 9*z = 20*z + 55. Let h(t) = 5 - 3 + t + 0. What is h(z)?
-3
Let d(v) = -v - 2. Let j(k) = 10*k + 37. Let u(g) = 5*d(g) + j(g). Determine u(-5).
2
Let m(d) be the third derivative of 1/2*d**3 + 0*d + d**2 + 0 - 1/12*d**4. Determine m(2).
-1
Let a(v) = 14*v**3 + v**2 + v. Let g be a(-1). Let d = 23 + g. Suppose 0*f + d = -5*r - f, -f = -2*r - 5. Let m(x) = -x**3 + 3*x + 2. Calculate m(r).
4
Suppose -8 - 49 = 3*g - 4*n, n + 12 = -g. Let a be (g - -9)/(-1 + 3) + -1. Let w(t) = t**3 + 5*t**2 + 4*t. Calculate w(a).
0
Let o be -1 + 3 - (-3 + 3). Let a(m) = 0*m**3 + 5*m + 2 - m**2 - o*m**3 + m**3. Let k be a(-3). Let z(d) = -d**2 + d + 7. Determine z(k).
-13
Let j(v) = 13*v - 695. Let l be j(53). Let i(s) = -3*s - 13. Calculate i(l).
5
Let p(m) be the first derivative of -1/2*m**2 - 5*m + 13. Calculate p(-6).
1
Let c(m) = m**2 + 5*m - 7. Let o be 60 + 4 + (0 + -3)/3. Suppose -10*z - o - 7 = 0. Give c(z).
7
Let a(k) = 10*k**3 + k**2 + k. Let c = 0 + 4. Suppose w - 2*g - 17 = -2*w, -c*w + 17 = 3*g. Suppose 5*f - 11 - 13 = 4*p, -w*f + 20 = 0. Determine a(p).
-10
Let h(g) be the third derivative of g**5/60 + 5*g**4/24 + g**3/3 + 8*g**2. Let u be (-1 + -8)/((-12)/(-8)). Give h(u).
8
Let b(l) = 20*l + 75. Let p(k) = -30*k - 112. Let i(n) = 7*b(n) + 5*p(n). Let c(f) = -7*f - 23. Let v(a) = -7*c(a) + 5*i(a). Calculate v(-6).
-8
Let n = -38 - -43. Suppose n*l + 5*f = -5, -5*l - 35 = -2*f + f. Let g(y) be the second derivative of -y**4/12 - y**3 - 3*y**2 + y. What is g(l)?
-6
Let x(g) = -g**3 + 26*g**2 + 12*g + 14. Let w(f) = -f**3 + 23*f**2 + 13*f + 12. Let s(i) = -4*w(i) + 3*x(i). Determine s(15).
-21
Let b(r) = -r**2 - 3*r - 1. Suppose -14 = 10*w - 174. Suppose 8 + 2 = -3*h + s, -2*s = -5*h - w. Give b(h).
-5
Let t(x) = -2*x**2 + 5*x + 3. Let y be -3 + (6 + 1)*9. Suppose 5*c + y = 10. Let b be -3*(2 + c/3). What is t(b)?
-9
Let u be -2*(-2)/20 - (-14)/(-70). Let a(v) = v**2 - v + 4. Calculate a(u).
4
Let z(x) = 8*x - 3. Let m(r) = r. Let j(g) = 2*m(g) - z(g). Let a be (3/6 + 1)/((-195)/(-260)). What is j(a)?
-9
Let m(u) = -18*u**2 - 22*u + 44. Let i(x) = -x**2 - x + 2. Let v(z) = -88*i(z) + 4*m(z). Give v(1).
16
Let g(b) = -b + 2. Suppose -5*w - 66 = -21. Let r(t) = 2*t - 12. Let c be r(w). Let x be (4/(-10))/(2/c). What is g(x)?
-4
Let w(a) = 85*a**2 - 8 - a - 91*a**2 - 5*a + a**3. Let f be 1 - (2 - -1)/(-1). Suppose -f*r + 0*r = -28. Determine w(r).
-1
Suppose 0 = -d + 7 - 4. Let r(b) = b**3 - b + 1. Let m(q) = -2*q**3 + 2*q**2 + 4*q - 2. Let j(p) = d*r(p) + m(p). Give j(-2).
-1
Let q(u) = u**2 - u - 1. Let h = 24 + -20. Suppose -12 = h*w, 0*w + 3 = -2*j - w. What is q(j)?
-1
Let x(u) = u + 2. Let p = 17 + 2. Let c = p + -24. Wh